811, 8527
What are the prime factors of 157734428?
2, 19, 2075453
What are the prime factors of 4065505785?
3, 5, 11, 347, 23669
List the prime factors of 266873961.
3, 41, 2169707
List the prime factors of 136739817.
3, 15193313
List the prime factors of 218012365.
5, 19, 43, 83, 643
What are the prime factors of 85745393?
157, 546149
What are the prime factors of 651903935?
5, 367, 355261
What are the prime factors of 115055245?
5, 1439, 15991
List the prime factors of 454214228.
2, 13, 17, 19, 27043
What are the prime factors of 45352980?
2, 3, 5, 83987
What are the prime factors of 63590871?
3, 569, 37253
What are the prime factors of 43507213?
61, 713233
List the prime factors of 3826294074.
2, 3, 17, 149, 83921
List the prime factors of 273562035.
3, 5, 101, 180569
List the prime factors of 626963284.
2, 156740821
What are the prime factors of 133683246?
2, 3, 1229, 6043
List the prime factors of 535980663.
3, 379, 157133
What are the prime factors of 185957710?
2, 5, 18595771
What are the prime factors of 572285192?
2, 71535649
List the prime factors of 297043729.
41, 127, 57047
List the prime factors of 375115605.
3, 5, 25007707
List the prime factors of 191420477.
43, 4451639
What are the prime factors of 48313331?
11, 337, 13033
What are the prime factors of 197482104?
2, 3, 914269
What are the prime factors of 197107469?
13, 17, 891889
What are the prime factors of 141258017?
1201, 117617
List the prime factors of 3678294673.
3678294673
What are the prime factors of 215673724?
2, 7, 43, 271, 661
List the prime factors of 56178672.
2, 3, 11, 103, 1033
What are the prime factors of 1055492063?
1607, 656809
What are the prime factors of 90538759?
90538759
List the prime factors of 10598038.
2, 11, 17, 43, 659
List the prime factors of 498057151.
193, 2580607
What are the prime factors of 140343872?
2, 2192873
What are the prime factors of 309506199?
3, 17, 181, 33529
List the prime factors of 122435179.
151, 263, 3083
List the prime factors of 336378289.
13, 23, 353, 3187
What are the prime factors of 609925?
5, 31, 787
List the prime factors of 660681741.
3, 29, 1637, 4639
List the prime factors of 149405208.
2, 3, 19, 103, 3181
What are the prime factors of 173579143?
199, 872257
List the prime factors of 13368512.
2, 89, 2347
List the prime factors of 516066388.
2, 373, 345889
List the prime factors of 80139586.
2, 29, 443, 3119
List the prime factors of 10743846.
2, 3, 1790641
What are the prime factors of 879819980?
2, 5, 13, 29, 116687
What are the prime factors of 67088880?
2, 3, 5, 93179
What are the prime factors of 3994198790?
2, 5, 17, 971, 24197
What are the prime factors of 1199212638?
2, 3, 13, 43, 167, 2141
List the prime factors of 940818765.
3, 5, 62721251
What are the prime factors of 226821905?
5, 17, 19, 29, 167
What are the prime factors of 126399519?
3, 1613, 8707
What are the prime factors of 133100892?
2, 3, 113, 32719
What are the prime factors of 1663737272?
2, 7247, 28697
List the prime factors of 159086828.
2, 37, 503, 2137
What are the prime factors of 287196773?
29, 67, 147811
List the prime factors of 47301479.
47301479
What are the prime factors of 1549498095?
3, 5, 34433291
List the prime factors of 1993268199.
3, 13, 51109441
What are the prime factors of 7848034428?
2, 3, 13, 17, 149, 19861
What are the prime factors of 207104226?
2, 3, 7, 467, 10559
List the prime factors of 13443764.
2, 3360941
List the prime factors of 442595685.
3, 5, 7, 661, 911
List the prime factors of 381207649.
1049, 363401
What are the prime factors of 949570073?
949570073
What are the prime factors of 1046245738?
2, 20899, 25031
List the prime factors of 212056957.
7, 31, 137, 1019
What are the prime factors of 18552304?
2, 17, 68207
What are the prime factors of 317711142?
2, 3, 7, 2521517
List the prime factors of 398785052.
2, 1009, 98807
List the prime factors of 176285402.
2, 88142701
What are the prime factors of 571463128?
2, 61, 1171031
What are the prime factors of 42687641?
42687641
List the prime factors of 8525242.
2, 11, 479, 809
What are the prime factors of 930541415?
5, 29, 31, 207017
What are the prime factors of 277464772?
2, 13, 349, 15289
List the prime factors of 255966941.
397, 644753
List the prime factors of 2003138400.
2, 3, 5, 834641
List the prime factors of 76677179.
19, 4035641
What are the prime factors of 210793241?
3001, 70241
List the prime factors of 106323762.
2, 3, 17720627
What are the prime factors of 651888654?
2, 3, 6323, 17183
What are the prime factors of 4278828552?
2, 3, 23, 41, 189061
What are the prime factors of 2896398424?
2, 41, 71, 277, 449
What are the prime factors of 6197604624?
2, 3, 677, 21191
What are the prime factors of 114465587?
109, 587, 1789
List the prime factors of 1268622822.
2, 3, 23, 101, 91019
List the prime factors of 6641373914.
2, 7, 2969, 159779
What are the prime factors of 44012340?
2, 3, 5, 23, 10631
What are the prime factors of 1243419138?
2, 3, 13, 29, 97, 1889
What are the prime factors of 30864413?
23, 1341931
List the prime factors of 59317510.
2, 5, 7, 847393
What are the prime factors of 227845898?
2, 7, 16274707
List the prime factors of 1723552238.
2, 2521, 341839
What are the prime factors of 61353793?
19, 233, 13859
What are the prime factors of 62638987?
857, 73091
List the prime factors of 164220563.
13, 83, 152197
What are the prime factors of 121203684?
2, 3, 7, 480967
What are the prime factors of 23444457?
3, 7814819
What are the prime factors of 113249636?
2, 28312409
What are the prime factors of 31053101?
17, 37, 49369
What are the prime factors of 99848015?
5, 29, 37, 503
What are the prime factors of 35009870?
2, 5, 7, 331, 1511
List the prime factors of 83241032.
2, 7, 83, 17909
List the prime factors of 167743946.
2, 29, 43, 103, 653
List the prime factors of 819549013.
819549013
List the prime factors of 152416151.
152416151
List the prime factors of 10988155.
5, 2197631
What are the prime factors of 52934103?
3, 5881567
What are the prime factors of 266508205?
5, 151, 352991
What are the prime factors of 6918093926?
2, 809, 4275707
What are the prime factors of 27746110?
2, 5, 7, 396373
What are the prime factors of 97953184?
2, 7, 17, 29, 887
List the prime factors of 862667301.
3, 293, 981419
What are the prime factors of 142688008?
2, 17836001
List the prime factors of 4735655.
5, 19, 79, 631
List the prime factors of 16611346.
2, 17, 127, 3847
List the prime factors of 1463122295.
5, 97, 3016747
List the prime factors of 1485836370.
2, 3, 5, 337, 48989
List the prime factors of 350580132.
2, 3, 7, 439, 3169
What are the prime factors of 43726412?
2, 89, 122827
List the prime factors of 62212.
2, 103, 151
What are the prime factors of 15827886?
2, 3, 41, 2383
What are the prime factors of 566612451?
3, 31, 613, 3313
List the prime factors of 8317153073.
23, 361615351
List the prime factors of 793672219.
41, 3313, 5843
What are the prime factors of 2037991987?
31, 53, 127, 9767
What are the prime factors of 2293674?
2, 3, 17, 113, 199
List the prime factors of 39388383.
3, 31, 47059
What are the prime factors of 180583455?
3, 5, 13, 53, 101, 173
What are the prime factors of 4107469?
31, 132499
List the prime factors of 81091906.
2, 7, 5792279
List the prime factors of 2528706653.
11, 599, 383777
What are the prime factors of 575752347?
3, 21324161
List the prime factors of 85876792.
2, 17, 79, 7993
What are the prime factors of 2712430?
2, 5, 7, 38749
What are the prime factors of 31760055?
3, 5, 705779
List the prime factors of 2697674820.
2, 3, 5, 71, 633257
What are the prime factors of 185836551?
3, 313, 197909
What are the prime factors of 2930653060?
2, 5, 157, 933329
What are the prime factors of 4494133376?
2, 757, 46381
What are the prime factors of 746530669?
997, 748777
List the prime factors of 1701186554.
2, 43, 71, 278609
List the prime factors of 490490321.
490490321
List the prime factors of 144299272.
2, 13, 277, 5009
List the prime factors of 75009445.
5, 7, 211, 1451
What are the prime factors of 320519852?
2, 1049, 76387
List the prime factors of 111900306.
2, 3, 7, 2664293
What are the prime factors of 783436002?
2, 3, 37, 3528991
What are the prime factors of 2609003051?
16189, 161159
What are 